 4*c**3. What is x(3)?
21
Suppose -2*l = 3*l. Suppose l = -5*x + 4*j - 16, -x = 4*j - 2 - 14. Let q(n) = 8 - 4*n**2 - 3*n**2 + 6*n**2 + n. Calculate q(x).
8
Let l(g) = -g**3 + 5*g**2 - 2*g - 3. Let v = 11 + -7. Suppose -3*y + 8 = -2*o, v*y - 3 = -3*o + 2. Let a = 2 + y. Give l(a).
5
Let a(c) = 5*c - 2 - 2*c - c. Let u be 14 + -2 - (-1)/1. Suppose -2*b + 2 - u = -3*z, 4*z - 10 = -2*b. Determine a(z).
4
Let l(p) = p**2 - 5*p - 7. Suppose 5*c - 23 = 4*d, 2*c + d - 17 = -0*d. Calculate l(c).
7
Let z be 3 + 4 + -7 - -21. Suppose 0*c - 3*c = -z. Let i(f) = f**3 - 7*f**2 - f + 6. Give i(c).
-1
Let x(l) be the first derivative of l**6/30 - l**5/60 - l**4/24 - l**2/2 - 2. Let a(q) be the second derivative of x(q). Let p = -7 + 6. Calculate a(p).
-4
Let f = -23 + 21. Let u(a) be the first derivative of a**4/12 + a**3/2 - a - 1. Let s(l) be the first derivative of u(l). Determine s(f).
-2
Let u = 0 + -1. Let b(j) be the second derivative of -1/5*j**5 - j + 1/2*j**2 + 0*j**3 - 1/12*j**4 + 0. Calculate b(u).
4
Let s(b) be the first derivative of 0*b**2 + 1/4*b**4 + 4 - 1/3*b**3 + 4*b. Determine s(0).
4
Let j(g) = -18 + g**2 - 33 + 6*g + 50. Suppose -3*h - 15 = 4*y, 12 + 3 = -3*h + 2*y. What is j(h)?
-6
Let d = 21 + -21. Let l(z) = -2*z + 2*z + 3 + 7 + z. Determine l(d).
10
Let l(p) = -1 + 4*p**2 + 1 + 0*p**2. Suppose -4*r - 11 = s - 6*s, 0 = -3*r - 12. What is l(s)?
4
Let u = -6 + -9. Let s(i) = -i**2 - 15*i + 1. Calculate s(u).
1
Let d(c) be the second derivative of -c**3/6 + c**2 - c. What is d(-7)?
9
Let z(v) = 4*v. Suppose -3 = 19*k - 18*k. Give z(k).
-12
Let m(q) = -5*q**3 + q**2 + q - 1. Let l be (1 + -2)/(1/(-1)). Give m(l).
-4
Let q = -25 + 29. Let f(c) = -c + 3. Give f(q).
-1
Let t(a) = 4*a**2 + 1. Let d be t(1). Let b = 2 - d. Let q(h) = h**2 + 2*h + 2. Let v be q(b). Let p(o) = -o + 11. Give p(v).
6
Suppose 4*i + 1 = -55. Let x = i + 13. Let n(y) be the second derivative of -9*y**5/20 + y**3/3 + y**2/2 - y. Give n(x).
8
Suppose -3*x = -0*x - 9. Let u(m) = m + 2 - x + 0. Calculate u(5).
4
Let b(t) = -3*t**3 - 5*t**2 - 2*t + 3. Let r(g) = -13*g**3 - 19*g**2 - 9*g + 12. Let q(w) = 9*b(w) - 2*r(w). Give q(-7).
3
Let n(m) = -1 + 143*m - 47*m - 42*m - 49*m + 2*m**2. What is n(-4)?
11
Let j be 4 + (-7 - 1 - -4). Let w = 6 + j. Let u(r) = -3*r + 9. Determine u(w).
-9
Let q be ((-5 + 2)*1)/((-21)/56). Let v(g) = -2*g - 7. Calculate v(q).
-23
Let v(o) be the third derivative of 0 + 0*o**4 + o**2 + 0*o + 4/3*o**3 - 1/60*o**5. Calculate v(0).
8
Let v(a) = -a - 15. Let d = -91 - -83. Calculate v(d).
-7
Let f(q) = 2*q**2 - 2*q. Let v(g) = -4*g - 8. Let u be v(6). Let a be 72/u + 2/8. What is f(a)?
12
Let a(y) = -4*y**3 - 7*y**2 + 4*y + 4. Let m(b) = -3*b**3 - 6*b**2 + 3*b + 3. Let s(i) = -4*a(i) + 5*m(i). What is s(2)?
-3
Let b(q) = -2*q**2 + 2*q**3 - 2 + 0*q + 2 - q. Determine b(2).
6
Suppose 0 = o - 4*o. Let h(a) = -2*a**3 - 2*a**2 + 15*a - 13. Let z(m) = m**3 + m**2 - 7*m + 7. Let j(u) = -6*h(u) - 13*z(u). Calculate j(o).
-13
Let l(k) = k**2 + 3*k. Let u be l(-5). Suppose -5*t = 10 + u. Let y(c) = -c - 8. What is y(t)?
-4
Let p be (-3 - 10/(-3))*15. Let d(s) = -s - 2. Let c(f) = f. Let u(o) = p*c(o) - d(o). Calculate u(-2).
-10
Let y(s) = -2*s**2 + 6*s - 2. Let h(t) = t**2 - 6*t + 1. Let i(u) = 3*h(u) + 2*y(u). Let m(v) = v + 1. Let d(a) = -i(a) - 3*m(a). Let o = -4 - -1. What is d(o)?
-2
Let y(o) = -o - 3 - o - o**2 + 2*o - 3*o. Let i(z) = -z**2 - z - 1. Let l(x) = -5*i(x) + 2*y(x). Determine l(-1).
3
Let x = 3 - 4. Let m(b) = b. Give m(x).
-1
Let z be 9/(-60)*(-50)/36. Let b(r) be the third derivative of -r**2 + 0*r + z*r**4 + 0 - 1/60*r**5 - 1/6*r**3. What is b(2)?
5
Let l(g) be the second derivative of -g**4/12 + g**3/6 + g**2 + 2*g. Let h(q) = q - 14. Let j be h(7). Let f = -3 - j. What is l(f)?
-10
Let h be (1/(-2))/(2/16). Let k(y) = 6*y**2 - 13*y - 3. Let n(a) = 5*a**2 - 12*a - 3. Let o(u) = 6*k(u) - 7*n(u). What is o(h)?
-5
Let o(q) = 4*q - 5*q - 12 + 0*q. Give o(0).
-12
Let o(i) = -2*i**3 + 3*i**2 - i. Suppose -3*d - 2*u = -25, 47 = 5*d - 3*u + u. Let r = d - 7. Determine o(r).
-6
Let k(a) = -a**2 - 14*a + 12. Let s(b) = b**2 + 13*b - 12. Let c(r) = 2*k(r) + 3*s(r). Calculate c(-11).
-12
Let m(s) = -s**3 + s. Let k(i) = -i**3 - 4*i**2 + i + 2. Let b be k(-3). Let q be 14/b + 4/10. Determine m(q).
0
Suppose -5*i + 3*x = -5, 6*i + 23 = 2*i - 3*x. Let h(j) = -2*j + 1. Let y(w) = -8*w + 4. Let n(d) = -5*h(d) + y(d). What is n(i)?
-5
Let z(u) be the first derivative of -u**3/3 - 7*u**2/2 - 9*u - 2. Let a = -49 - -43. What is z(a)?
-3
Let j(u) be the first derivative of 5*u**3/3 + u**2 + u + 26. Determine j(-1).
4
Let f be 84/(-10) + 18/45. Let n(p) = -p**2 - 7*p + 10. Let u be n(f). Let r(w) = 5*w + 2 + w**u - 2*w**2 + 4 + 0. Calculate r(5).
6
Let c(q) be the first derivative of -q**4/4 - 4*q**3/3 + q**2/2 + 2*q + 2. Let u(x) = -4*x + 4. Let b be u(2). Calculate c(b).
-2
Let w(c) = 4*c**3 + 5*c**2 - 4*c + 16. Let v(x) = x**3 + 2*x**2 - x + 5. Let h(j) = -7*v(j) + 2*w(j). Let y = 8 - 13. Let m be (-1)/(5/4)*y. Calculate h(m).
-7
Let m = -14 + 18. Let r(d) = 2*d - 6. Let h(b) = -3*b + 5. Let y(i) = m*h(i) + 5*r(i). What is y(-7)?
4
Let d(o) = -3*o**3 + 6*o**2 - 6*o - 4. Let s(g) = -4*g**3 + 6*g**2 - 7*g - 3. Let v = 3 - -1. Suppose -v*x + x = 9. Let p(h) = x*d(h) + 2*s(h). Calculate p(5).
1
Let r = -18 - -24. Let u(d) = -d + 2. Give u(r).
-4
Let i = -24 - -24. Let x(q) = q**3 + q**2 + i + 2 + 0 - 2*q - 1. Determine x(1).
1
Let s = -18 - -17. Let z(j) = -1 + 8*j**3 + j**2 + 2 - 2*j**2 + j. Give z(s).
-9
Suppose 0 = 5*s - 10. Suppose -2*v + s*g - 20 = -2*g, -4*v + 5 = g. Let x(q) = 4 - 4*q**2 + q**3 + v - 3 - 6*q. Give x(5).
-4
Let i(c) = 2 - c**3 + 11*c**3 - 3 + 2*c - 2*c**2. Let s be 2*(0 - -13) - 2. Let b = -23 + s. What is i(b)?
9
Suppose 0*a + 7 = a. Let j be 1/(-2) + a/(-14). Let s(z) = 12*z**2 + z. Calculate s(j).
11
Let q(s) = 2 + 0*s - 5*s - 9 + 4*s. What is q(-6)?
-1
Let x(l) be the third derivative of -l**5/60 - l**4/4 - l**3/2 + l**2. Let t be x(-5). Let d(i) = -3*i - 5*i**3 + 5*i**2 - 3*i**2 + i + 4*i**3. What is d(t)?
-4
Let m(b) = -b**3 + 5*b**2 - 6*b + 2. Suppose -20 = -s - 3*s. Suppose 4*v + s*y = 6, 3*v + 0*v = y + 14. Calculate m(v).
-6
Let x(f) be the first derivative of -2*f**2 - 3*f + 22. Suppose 3*i - n + 12 = -2*n, -5*i = 4*n + 27. Give x(i).
9
Let m(h) = h + 2. Let x be m(4). Let f(t) = -t + 5. What is f(x)?
-1
Let r(i) be the third derivative of i**6/120 - i**5/12 - 7*i**4/24 + 4*i**3/3 - i**2. Let f(h) = -h**2 + 4*h + 27. Let g be f(7). Give r(g).
2
Let f(y) = -y**3 - 6*y**2 - 7*y - 4. Suppose -4*g + 5*m - 1 = 0, -1 = -2*m + 9. Let u(d) = -1 + 11 - d - 9. Let n be u(g). What is f(n)?
6
Let z be 86/18 - (-10)/45. Suppose -7 = -4*g + 3*y + 6, 4*g = -3*y - z. Let x(r) = -5*r**3 - r**2 + r - 1. What is x(g)?
-6
Let a be (1 + 1)/2*-3. Let y(d) be the second derivative of -3*d - 1/6*d**4 + 0*d**2 - 1/20*d**5 + 2/3*d**3 + 0. What is y(a)?
-3
Let k(n) = -n**3 - 21. Let z(w) = w**3 - 10*w**2 + 10*w - 9. Let y be z(9). Calculate k(y).
-21
Suppose -2*s = 2*s - 20. Let q(l) be the first derivative of -2 - 3*l + 3*l**2 - 1/3*l**3. Give q(s).
2
Let p(c) = c - 5. Suppose -4*t - t = 3*j + 75, 4*t + 2*j + 62 = 0. Let v = t + 18. What is p(v)?
-5
Let g(k) = 2*k + 5. Let v(l) = l**2 + 3*l - 2. Let i be v(-2). Calculate g(i).
-3
Let y(l) = 2*l - 4. Suppose -2*d + 2*f = -0*d + 6, d + 11 = -f. Let g = -6 - d. Let i be (2/(-5))/(g/(-10)). Give y(i).
4
Let o(x) = x**2 - 14*x + 40. Let f be o(10). Let w(y) = -y. Give w(f).
0
Let q(n) be the first derivative of -n**4/4 - 2*n**3/3 - 4*n + 1. Let l be 68/(-20) + 8/20. Calculate q(l).
5
Let u(b) be the second derivative of b**3/6 + 3*b**2/2 - 2*b. Calculate u(-5).
-2
Let m(a) = a**2 - 2*a. Suppose 3*z + 10 = 1. What is m(z)?
15
Let x(u) = -6*u - 23 + 48 - 32 + 7*u. What is x(8)?
1
Let u(p) = -2*p**2 - 5 - 3*p + 0*p**3 + 7*p**2 - p**3 + 3. What is u(4)?
2
Let p(j) be the third derivative of j**5/60 - j**4/6 - 7*j**3/6 - 4*j**2. Give p(6).
5
Let b(x) = -x - 5. Let g be (-11)/(-4) + 1/4. Suppose g*k = -3*d + 3, 0 = 2*k - 3*k - 3*d - 5. Determine b(k).
-9
Let g(a) = -a**2 + a + 1. Suppose 4*u = 3*u + 3, -3*l = -4*u + 21. Give g(l).
-11
Let b = 4 - 7. Let d be ((-1)/(b + 2))/1. Let l = 0 + d. Let n(o) = 3*o